st the prime factors of h(-11).
2, 3, 5
Suppose 2*j - 39 = -5*a, -a - 45 = -5*j + 4*a. Let n(w) = 13 - 17 + 14*w - 27 - j. What are the prime factors of n(10)?
97
Let t(q) = 1503*q + 125. List the prime factors of t(19).
2, 14341
Suppose -4*k = -0*k + 4*q - 36, -4*q = 0. Let u(j) = 66*j + 49. List the prime factors of u(k).
643
Let b(z) be the third derivative of -z**6/120 + 2*z**5/15 + z**4/6 + 5*z**3/3 + 47*z**2. What are the prime factors of b(6)?
2, 53
Suppose -3*i = -3*k + 168, 118 = -3*i - 3*k - 68. Let x = i + 306. List the prime factors of x.
13, 19
List the prime factors of 0/(-2*(-3)/(-3)) + 266010/30.
8867
Let m(j) = 25*j**2 - 8*j + 8. Let w be m(6). Suppose -w = -3*x - x - 2*k, k - 214 = -x. What are the prime factors of x?
2, 3
Suppose -z + 3*z - 6 = 0, 3*j + 3*z = -108. Let w = j - -26. Let y = w - -69. List the prime factors of y.
2, 7
Suppose -4*s + 2*o = -101468, 10*s - 12*s + 50872 = 22*o. What are the prime factors of s?
2, 5, 43, 59
Let q = 28 + 31. Let p = q - -17. What are the prime factors of ((p/4)/(-1))/(-1)?
19
Let s be 20/(-30)*-6*3. Let v = 14 - s. Suppose 0 = v*f - 102 - 52. What are the prime factors of f?
7, 11
Let w = -5636 - -33780. List the prime factors of w.
2, 1759
Let g(x) = 4*x - 7. Let c be g(3). Suppose -l - c + 7 = 0. Suppose -l*y - 2 + 56 = 0. List the prime factors of y.
3
Let h = -1483 - -2285. What are the prime factors of h?
2, 401
Suppose -7 - 13 = 20*y. List the prime factors of (8/(-10))/(y + (-4119)/(-4125)).
2, 5, 11
Let c = -193 - -198. Suppose 0 = -c*d - 4*x + 4013 + 1142, 0 = -d - 5*x + 1031. What are the prime factors of d?
1031
Let g(s) = 4*s**2 + 10*s - 14. Let j be g(-7). Let v = 39 + j. Suppose 2*i - 11 = v. List the prime factors of i.
3
Suppose 51*y - 428159 = 839242. List the prime factors of y.
24851
Let j be (-4 - 45/(-10))*(-47676)/(-6). Suppose 3*k + j = 5*n, k = -k + 8. What are the prime factors of n?
797
What are the prime factors of 1 + (-812232)/(-104) - 1/26*-2?
73, 107
Suppose 29*v = 30*v - 4. Suppose 4*m = -f - 4*f - 630, f - 642 = v*m. Let y = -98 - m. List the prime factors of y.
2, 31
Suppose 0 = -151*u + 2527043 + 1559923. What are the prime factors of u?
2, 3, 13, 347
Let i(j) = 8*j**2 - 45*j + 1690. List the prime factors of i(23).
3, 181
Let f(h) be the first derivative of 7*h**2 - 1/3*h**3 + 2*h - 21. What are the prime factors of f(7)?
3, 17
Let r be (13 - 14)*(-4)/2. Suppose -r*m - 86 = -z, 5*z + 5*m = 10*m + 420. List the prime factors of z.
2, 41
Let w = 10203 - 10115. Let k(d) = 43*d - 1. Let t be k(-1). Let c = w + t. What are the prime factors of c?
2, 11
Let a(z) = 5298*z**2 - 29*z + 1. What are the prime factors of a(-2)?
79, 269
Let f be 355/10 - 2*2/8. Suppose f*l + 24311 = 58*l. What are the prime factors of l?
7, 151
Suppose 0 = -5*s - 306 + 1346. Let x = 513 - s. What are the prime factors of x?
5, 61
Let l = -45 + 48. Suppose l*g - 1428 - 111 = 0. Suppose 9*z - g = -0*z. What are the prime factors of z?
3, 19
Suppose 7*z + 42 = 13*z. Suppose -8*p + z*p = 0. Suppose 2*n - 272 = -4*x - 2*n, -5*x - 4*n + 342 = p. What are the prime factors of x?
2, 5, 7
Let b = -16 + 27. Let m be (4/(-14))/(b/(-539)). Let u = m - 2. List the prime factors of u.
2, 3
Let i = 371 - 368. Suppose -i*a - 5*s = -235, 34*a - 239 = 31*a - s. List the prime factors of a.
2, 5
Let w = 3 - 204. Let l = 293 + w. Let z = l - 64. List the prime factors of z.
2, 7
Let n(f) = f**2 + 160*f - 53. List the prime factors of n(34).
3, 727
Let w(j) = j - 16. Let s(i) = -i + 15. Let h(v) = 6*s(v) + 7*w(v). Let z be h(5). What are the prime factors of 8*(z/(-2) - -1)?
2, 19
Suppose -20 = -5*b + 3*k + 11, -3*b + 3*k + 21 = 0. Suppose -1633 = -6*h + 2*h + b*n, -h - n = -397. List the prime factors of h.
2, 3, 67
Suppose 16 = 6*g - 2*g. Suppose 3 + 17 = g*r. Suppose -r*i + 177 = 2*b, 2*b - 379 = -2*b - 5*i. What are the prime factors of b?
101
Suppose -61*n + 72*n - 42372 = 0. What are the prime factors of n?
2, 3, 107
Let k = -436 + 239. Let c = 688 - k. What are the prime factors of c?
3, 5, 59
Let k = 628 - -3007. List the prime factors of k.
5, 727
Let h be -11*(1 + 2) + 4 - 0. Let f = h - -58. What are the prime factors of f?
29
What are the prime factors of 53/(-2)*((-8048)/9 + 876/3942)?
3, 53, 149
Suppose -y + 88*q - 83*q + 57 = 0, 0 = 4*q + 12. Suppose -5*u = -0*d + d - 68, -u + 10 = 2*d. Let s = y + u. List the prime factors of s.
2, 7
What are the prime factors of (-23809)/406*-7*(-106)/(-1)?
53, 821
Let o = 2234 + -2225. Let j(d) = 8*d - 36. Let a(h) = h. Let b(f) = 6*a(f) - j(f). List the prime factors of b(o).
2, 3
Suppose -14*x + 13*x = -10. Suppose 0 = 3*a - x*a + 329. Let r = a - -19. List the prime factors of r.
2, 3, 11
Let m be (72/(-44))/(-9) + 1140/22. Suppose 48*r = m*r - 1072. List the prime factors of r.
2, 67
Let b(v) = v - 6. Let w be b(13). Suppose 0 = w*u - 3*u - 436. List the prime factors of u.
109
Let k = -2825 + 9737. List the prime factors of k.
2, 3
What are the prime factors of 1/((-66)/(-4)) + 4363173/891?
59, 83
Let q be (-8)/(4 + (-880)/216). Suppose -4293 = -3*z - q. What are the prime factors of z?
3, 5, 31
Let o(d) = 180*d - 5. Let x(a) = -36*a - 2. Let v(r) = 1. Let i(g) = 3*v(g) + x(g). Let m(k) = -11*i(k) - 2*o(k). What are the prime factors of m(6)?
5, 43
Suppose -170013 = -45*m + 156786 + 169236. List the prime factors of m.
73, 151
Let m(q) = q + 5. Let y be m(-1). Suppose y*z - 2172 = 72. What are the prime factors of z?
3, 11, 17
Let f(c) = -c**3 - 5*c**2 - 16*c + 30. Let v(z) = 57*z + 390. Let a be v(-7). List the prime factors of f(a).
2, 3, 83
Let i be (-1)/(-3*2/(-30)) - -2. Let n(m) = -54*m. List the prime factors of n(i).
2, 3
Let b = 58 - 56. Suppose b*n - 823 = -3*r, 5*r = n + 431 + 945. Suppose 4*v + g = -4*g + r, -3*v + 205 = 4*g. List the prime factors of v.
3, 5
Suppose -52*r + m - 1825 = -53*r, -5*r + 2*m + 9181 = 0. What are the prime factors of r?
3, 13, 47
Let v = 46164 - -327. List the prime factors of v.
3, 15497
Suppose 3*y = -5*j + 26294, 5*j + 0*j = -y + 8788. List the prime factors of y.
8753
What are the prime factors of -30845*(10/(-125))/((-1)/(-5))?
2, 31, 199
Suppose s = -63 - 57. Let o be 15/2*(-6 + s/(-18)). Suppose 15 - 645 = -o*g. List the prime factors of g.
2, 3, 7
Let o = -180 - -254. Suppose -20*q - o = -22*q. List the prime factors of q.
37
Let u = -15 + 49. Suppose 4*n - 26 = -s, -3*s + u = -0*n + n. Suppose -s*y = -617 - 613. What are the prime factors of y?
3, 41
List the prime factors of 6766/7 - (450/665 + (-2)/19).
2, 3, 7, 23
Suppose -a - 7*a + 16 = 0. Let g(z) = -a + z - 24*z**2 - 4*z + 73*z**2. List the prime factors of g(-1).
2, 5
Let v(u) = 9*u + 106. Let j be v(-11). Suppose -j*d - 30 = -17*d. What are the prime factors of d?
3
Suppose 1376337 + 2108799 = 35*g + 886841. List the prime factors of g.
61, 1217
Suppose -97423 = -5*j - 4*f, 6*f + 16 = -2. What are the prime factors of j?
13, 1499
Let v(a) = a**2 + 7*a - 2. Let y be v(-7). List the prime factors of (-7 - 583)*(1 - (-7)/y).
5, 59
Let y(d) = d**3 + 16*d**2 + 12*d - 29. Suppose -29*j + 26*j - 42 = 0. List the prime factors of y(j).
3, 5, 13
Suppose 0 = 3*d + 4 + 5. Let u(y) = y**2 + y - 2. Let l be u(d). Suppose -p - l*p = -285. List the prime factors of p.
3, 19
Let n(s) = -16*s - 154. Let k be n(-10). List the prime factors of k/15*(3554 - 4).
2, 5, 71
Let h(f) = 4*f + 3. Let j = -19 - -25. Let n be h(j). Suppose -5*b - n = -r, -3*r - b = -44 - 5. List the prime factors of r.
17
Let q(v) = -54*v - 10. Let s be q(-5). Suppose 4*c + 405 = 5*r, 58 + 22 = -c - 3*r. Let l = c + s. List the prime factors of l.
3, 5, 11
Let l = -2 - -7. Suppose 3*h = l*h - 314. Let b = 281 - h. List the prime factors of b.
2, 31
Suppose -9 = -4*t + 4*w - 45, -4*w = 4*t + 52. Let q(l) = 2*l**2 + 21*l - 7. Let k be q(t). What are the prime factors of 4 + 53*(-1 + k)?
163
Let i(o) = o**3 + 3*o**2 + o + 16. Let j be i(8). Suppose 2*d - 4*g - j = 0, 109 + 634 = 2*d - g. List the prime factors of d.
2, 11, 17
Let o = -24709 + 36337. What are the prime factors of o?
2, 3, 17, 19
Let p(l) = l**2 - 12*l - 30. Suppose -2*r + 2 = -0*v + 5*v, 2*r = -4*v. Suppose s - 4*q + v = -1, -4*q - 4 = 0. List the prime factors of p(s).
103
Let n(r) = 4557*r - 6336. List the prim